 -1 + (-2 - (-4 - 2))?
3
What is 0 + (6 - 10) + 4?
0
-5 + 9 + (-2 - 3)
-1
What is 3 + 1 + (1 - 7)?
-2
Calculate -4 + 1 + 3 - -5.
5
What is the value of 3 + -2 + 1 + -3?
-1
What is the value of -9 + -1 - (-9 - -2)?
-3
Evaluate 7 - (5 + (3 - 5)).
4
Calculate -33 + 7 + 18 - (-1 + 0).
-7
What is -7 + (8 - (1 - -1))?
-1
Evaluate -10 - ((20 - 26) + (1 - 0)).
-5
Calculate 1 + 0 + -2 - (-1 - -2).
-2
Evaluate 4 + (-1 + 1 + -4 - -3).
3
2 + 1 + (-13 - -11)
1
Calculate (2 - 2) + 2 + 2.
4
What is -9 + 11 - (2 + 9 + -4)?
-5
1 + 0 + -7 + 3
-3
What is the value of (-85 - -90) + -7 + (-1 - -1)?
-2
What is (-6 - (1 - -1)) + 5 + -2?
-5
Evaluate (0 - -2 - -1) + -3 + -1.
-1
What is 3 + 0 - (4 + 0)?
-1
Calculate 0 - (1 - (1 - -5)).
5
Evaluate -4 - (-4 + -5 - 0).
5
What is 1 - (3 + (-3 - (0 + 4)))?
5
What is (3 + 1 - 2) + -3?
-1
What is the value of (2 - 0) + 3 + -4 + -1?
0
Evaluate (-2 - 2) + 1 + -2 + 0.
-5
What is the value of (4 - -1) + 2 + -10 + 4?
1
What is -6 + 5 + (-1 - (1 + 0))?
-3
What is 2 - (1 + 5 - (-1 - -9))?
4
-2 + 0 + (7 - 0)
5
What is the value of 2 - -1 - (-4 - -13)?
-6
(17 - 21) + (3 - 4)
-5
Evaluate 10 + -6 - 24 - -12.
-8
What is the value of -8 - 0 - (5 + -1 - 9)?
-3
Evaluate (-1 - 6) + 15 + -3.
5
Evaluate -4 - (-8 - -2 - 1).
3
(-5 - (0 + -2)) + (37 - 39)
-5
What is -7 + 4 + (9 - 3)?
3
Evaluate -1 - 3 - (-4 + 1 - 3).
2
What is the value of (-6 - -3) + (1 - 1)?
-3
What is -1 - (3 + -3 + -4 + 3)?
0
What is the value of (0 + -5 - 0) + 8?
3
What is (7 - 1) + (0 - 2) + -5?
-1
What is the value of 1 + -3 + 4 + -4 - -7?
5
What is the value of -6 - (0 - 3) - -4?
1
Calculate -187 - -207 - (11 + 0).
9
Calculate (-1 - (-8 + 3)) + -3.
1
What is 2 + -12 + 7 - (-1 + 2)?
-4
What is -5 - (-20 + 3 + 11)?
1
Evaluate (-2 - (-9 + 4)) + (3 - 9).
-3
-2 - ((3 - 3 - 0) + 2)
-4
What is 4 + -1 - (-1 + 6) - 3?
-5
What is 15 - 1 - (11 - 4)?
7
What is (1 - 3 - 2) + 3?
-1
Evaluate 2 + 3 - (0 - 0 - -1).
4
125 + -121 + (-4 - (-1 + 2))
-1
What is -5 - (-10 + 0 - -5) - -7?
7
What is the value of 3 - 0 - (2 + 6)?
-5
What is the value of (-19 - -8 - -7) + (1 - -1)?
-2
(-4 - -6) + 0 + 3 + -2
3
Evaluate -4 - -2 - (-3 + 1 + 3).
-3
What is the value of (-12 - -4 - -7) + (1 - 0)?
0
What is the value of (4 - 0) + (-1 - 6)?
-3
What is the value of (7 - 7) + 0 + 0 - 2?
-2
What is the value of 0 + -7 - (-105 + 104)?
-6
What is the value of 0 + 1 + (-7 - -4) + 2?
0
5 + (-16 - -3) + (8 - 3)
-3
Calculate 3 - (-3 + (8 - 4) - -3).
-1
What is 0 - 1 - (0 - 1)?
0
What is the value of 6 + (-19 - (-1 - (2 - -3)))?
-7
What is 0 + -6 + 1 + (56 - 54)?
-3
Evaluate (2 - -1) + -10 + 10.
3
What is 1 - 2 - (-4 + 0)?
3
What is the value of 2 + (5 + -9 - 1)?
-3
(0 - 5) + -2 - (4 - 6)
-5
-6 + 3 + 3 - (-5 + -1)
6
Evaluate -5 + (1 - (7 - 8)).
-3
What is (0 - 0) + -101 + 96?
-5
Evaluate (4 + -15 - -2) + 17.
8
What is -4 + 0 - (-1 + 2)?
-5
What is the value of (9 - -3 - 8) + -1 + 3?
6
40 + -47 - (-14 - -1)
6
Evaluate (18 - (-21 - -46)) + (0 - 3).
-10
Calculate -7 - ((-11 - -11) + -1).
-6
What is -5 - ((-5 - -1) + 3)?
-4
2 + 0 + (3 - (1 - -2))
2
Evaluate -4 - ((-2 - -12) + -20 + 14).
-8
Calculate -4 - (2 - (2 - 0)).
-4
What is -8 - (-9 + -12 - -6)?
7
Evaluate -8 + (18 - (7 - 3)).
6
What is the value of -8 + 8 + -2 - -1?
-1
Evaluate 5 - -4 - (5 - -5).
-1
Evaluate (-4 - (1 + -1)) + (7 - 9).
-6
Calculate 4 - 10 - (0 + -1).
-5
Evaluate 2 - 0 - (2 + 3).
-3
Calculate -2 - (5 + -7 - 2) - 7.
-5
What is 5 + -9 + -3 + 16?
9
Evaluate 1 + -6 + -1 + 1 + 1.
-4
What is the value of 11 + -4 + -8 + 1?
0
Calculate -1 + -3 + 5 + -2.
-1
-46 + 46 + (-2 - -4)
2
(1 - 1) + -11 + 4
-7
What is the value of -13 + 6 - -14 - -2?
9
Calculate (-5 - (-1 + -4)) + 7 + -4.
3
What is -5 + (0 + -1 - -3)?
-3
What is (1 - 9) + (56 - 52)?
-4
Calculate (0 - 4) + 10 + -2 + 1.
5
Calculate -14 + (-6 - -14) - (0 + -4).
-2
1 - 1 - (-13 - (-25 - -10))
-2
What is 3 + 1 + (9 - 9)?
4
Calculate -11 + 0 - (201 + -210).
-2
Evaluate -4 + (8 - -6) - 7.
3
-6 - ((0 - 6) + (-10 - -13))
-3
Calculate (-6 - -6) + 0 + 0.
0
What is -6 + (0 + 1 - (-6 + -4))?
5
What is (2 - -9) + -52 + 43?
2
Evaluate (-6 - (-2 - (10 + -2))) + 2.
6
What is (-12 - -6) + 13 - 5?
2
What is -3 + -2 + 1 + 2 - 2?
-4
What is (-7 - 1) + (1 - -13)?
6
What is the value of (-7 - -2 - -10) + -2?
3
What is (-14 - -3 - -14) + -1?
2
What is the value of 0 + -2 + -1 - (-5 - 1)?
3
Calculate 3 - 14 - (7 + -26).
8
What is 5 - (7 + -1 - -6)?
-7
Evaluate 6 - (9 - (11 - 3)).
5
What is the value of 1 + -6 + 1 - -4?
0
Evaluate (-10 - -2 - -2) + 4 + 3.
1
What is the value of 44 + -52 + (4 - (3 + 0))?
-7
What is the value of 1 - (5 - ((1 - 6) + 3))?
-6
What is the value of (-6 - -9) + -2 + -5?
-4
What is the value of -3 + -2 + (-6 - 0 - -4)?
-7
Calculate (1 - (-1 + 1)) + (6 - 4).
3
Calculate 7 + (-5 + 7 - (1 - -1)).
7
What is the value of 3 - (7 - (-5 - -6))?
-3
Calculate 0 + -1 + -6 + (-5 - -6).
-6
Calculate (-1 - 0) + (4 - 1).
2
What is the value of -7 + (-3 - -7) - (9 + -3)?
-9
What is 2 + (-2 - 7) + 2?
-5
Evaluate -9 + 19 + -6 - 0.
4
Calculate 1 - (5 + -1) - (6 - 14).
5
Calculate (-8 - (0 + -8)) + (-2 - -2).
0
What is (4 + 2 - 2) + -6 - -1?
-1
Calculate -3 - (3 - (-2 - -5)).
-3
Calculate 2 - (-1 - 1) - 5.
-1
What is 6 + 1 + (-10 + 8 - 1)?
4
What is -6 + (-4 - -5) - -5?
0
What is (-2 - -2) + (-5 - -19) - 5?
9
Evaluate 2 + -10 - -2 - (-3 + -1).
-2
Evaluate (-1 - 9) + 1 + 4 + -3.
-8
-9 - (-6 - -3) - -1
-5
1 - 7 - (0 - (1 - -3))
-2
What is 26 + -15 + (0 - 8)?
3
Evaluate (3 + -3 - 8) + 3.
-5
What is -4 - (-1 + -3) - (-5 + 4)?
1
Calculate 12 + -10 - (2 - -1).
-1
What is the value of 0 - 0 - 7 - -6?
-1
What is -4 + (-2 - -4) - -3?
1
10 - (3 - (-21 - -7))
-7
Calculate 14 - (28 + -9 - 12).
7
What is the value of -1 + -2 + 6 + 2?
5
What is (0 - (8 - -1)) + (-8 - -10)?
-7
What is (9 - -2) + 5 + -9 + -2?
5
Calculate 6 - (2 + 1) - 4.
-1
What is -3 - (0 + 1 - 5)?
1
What is the value of (-2 - -9) + (9 - 3) + -6?
7
5 - (-6 + 4 + (7 - 1))
1
(5 - 9) + 2 - 0
-2
What is 1 + -5 + (7 + 2 - 9)?
-4
-7 - (-9 - -7) - -14
9
What is -6 + 5 - -1 - (-6 + 2)?
4
What is the value of (1 - -2 - (5 - -3)) + 3?
-2
What is the value of (-3 - (-5 - -2)) + -3?
-3
What is the value of -1 + (7 - (6 - 0))?
0
Evaluate (5 - 5) + -1 + -2.
-3
What is 3 + 1 - -1 - 8?
-3
Calculate 4 + -14 + 13 - (-1 + 1).
3
Calculate (-8 - 0) + -9 + (-12 - -22).
-7
-5 + -1 + (-1 - -4) + -1
-4
(9 - 7) + 0 - 7
-5
Evaluate (1 - 13) + (19 - 10).
-3
Evaluate 4 + (2 - (-3 + 7)) - 6.
-4
-5 + 7 + 2 + 1
5
What is 12 + -11 + 0 + 4?
5
-3 - (7 + -8 - (0 - -4))
2
What is 2 - 0 - (-1 + 3)?
0
Calculate -6 + (6 - 4) + 7.
3
Evaluate -3 + 9 - (2 - (0 - 1)).
3
What is 4 - (-6 + 7 + 0)?
3
Evaluate (-4 - -2) + 4 + -48 + 39.
-7
Calculate 141 + -136 - (2 - -1).
2
2 - 6 - (2 + -1)
-5
What is (0 - -6) + -8 + 1?
-1
What is the value of 127 + -128 + (1 - (1 + 7))?
-8
Evaluate -5 + -1 + (-1 - -2).
-5
Evaluate -2 + (0 + -3 - -3) + 2.
0
Calculate -1 + (3 + -2 - 2) - 1.
-3
Evaluate (3 - (2 + (-2 - 1))) + -3.
1
(2 - 0) + (3 - 10)
-5
What is the value of 14 + (-22 - (5 + -6))?
-7
What is 6 + -3 + -1 - -3?
5
What is the value of -23 + 19 - (-1 - (0 + -1))?
-4
Calculate 0 + 0 + (7 - 4 - 6).
-3
Evaluate 2 - 4 - (-11 + 7).
2
-1 - 2 - (-10 - -3)
4
Evaluate -4 + 2 - (1 + -5) - -1.
3
What is the value of 4 + 3 + (-31 - -25)?
1
What is -4 + (-1 - 1) - (-44 - -43)?
-5
What is -64 - -68 - (4 + -1)?
1
Calculate 5 - 2 - (0 - -4 - 0).
-1
What is (1 - (-5 + 9)) + -1?
-4
Calculate 3 + -6 + -6 + 9.
0
What is (-3 - 0 - -10) + -3?
4
What is the value of -11 - -13 - (5 + (3 - 0))?
-6
11 + -3 + -17 + 14
5
What is 9 + -6 - (2 - 4)?
5
46 - 40 - (0 - -13)
-7
Calculate 14 - (4 + -2) - (71 + -65).
6
What is the value of -10 - (-16 + -15 + 12)?
9
Evaluate 0 + 6 + (-3 - -1).
4
What is 6 - (-4 - -5 - -7)?
-2
What is the value of 1 + 3 - (8 + 6 + -10)?
0
Calculate 1 + 1 - (-11 + 15).
-2
What is the value of 1 + -3 - (-4 + 1)?
1
Calculate -5 - -4 - (1 - (3 - -2)).
3
Evaluate -3 + -5 + 11 - 1.
2
What is (1 - 7) + 0 + 4?
-2
Calculate 4 - (1 + (3 - -1) + -5).
4
What is the value of -3 + 3 + -2 + 0?
-2
What is 5 + -13 - -2 - -5?
-1
Evaluate (1 - -4) + -3 + -7.
-5
Evaluate -8 - (-10 - -4) - -3.
1
Calculate -1 + (-8 - -6 - -4) - -2.
3
What is the value of -7 + (-10 - -6) + 11 - 1?
-1
Evaluate (-2 - -3) + 9 + (-82 - -77).
5
-4 + 8 + (4 - 8)
0
(-4